. What is the remainder when d is divided by a(-32)?
25
Let w = -175 - -535. Suppose k + w = 4*o, k + k = 5*o - 450. What is the remainder when 166 is divided by o?
76
Suppose -3*p + 23 = -31. Suppose -10*q = -p*q + 80. Calculate the remainder when 19 is divided by q.
9
Suppose -q - 5 = 0, -q + 0 - 217 = -4*i. What is the remainder when -1 + i + 5 + (-7 - -2) is divided by 11?
8
Let x be 9 - 5/((-5)/(-1)). Suppose -5*l + x = -7. Calculate the remainder when 86 is divided by (-4)/l - 0 - 1078/(-66).
11
Let m(r) = 15*r + 3. What is the remainder when m(6) is divided by ((-1614)/(-3766))/((-1)/(-28))?
9
Let o be ((-16)/5)/8*-5*5. Suppose 3*k - o = k. Suppose -50 + 0 = -k*l. What is the remainder when 39 is divided by l?
9
Let q(s) = 2*s**3 - 13*s**2 + 7*s + 2. Let y(b) = -b**3 - b**2 + 2. Let g be y(-2). What is the remainder when 42 is divided by q(g)?
2
What is the remainder when 223/3 - (-2)/3 is divided by ((-7685)/106)/(100/(-40))?
17
Suppose 3*a - 80 = -a - 4*i, -a + 4*i = -45. What is the remainder when 441 is divided by a?
16
Let v = 73 - 46. Suppose -5*b = -v - 58. Calculate the remainder when (-146 + -1)*(-2)/6 is divided by b.
15
Suppose -16 = -4*o - 4*n, 30*o - 25*o - 55 = 2*n. Suppose 0 = -2*v - 1 + o, -5*d + v = -11. Calculate the remainder when 110 is divided by d.
2
Suppose 0 = i + 3*c - 123, 2*c + 7 - 241 = -2*i. Suppose -7*n = -i - 194. Suppose -7*o + 435 = -2*o. What is the remainder when o is divided by n?
43
Let z = -1161 + 1944. Calculate the remainder when z is divided by 56.
55
Suppose 5*z = -4*j + 3*z + 134, 3*j - 4*z = 73. Calculate the remainder when 151 is divided by j.
27
Suppose -23*l + 587 = -287. Calculate the remainder when l is divided by 24.
14
What is the remainder when 25 is divided by -3*(14 + (-220)/11)?
7
Let g = 297 - 155. Let c(k) = -7*k - 5. What is the remainder when (g/(-10))/((-11)/55) is divided by c(-6)?
34
Let d(v) = -2213*v + 1323. What is the remainder when d(-3) is divided by 22?
20
Let g = -226 - -175. Let n = g - -71. What is the remainder when 27 is divided by n?
7
Let d = -3284 + 3344. Calculate the remainder when d is divided by 22.
16
Let l(t) be the first derivative of -7*t**2/2 + 12*t - 3. Let s be l(-6). Let j = -28 + s. What is the remainder when 50 is divided by j?
24
Let n = -3922 + 3977. What is the remainder when 438 is divided by n?
53
Suppose -23*z + 879 = 741. What is the remainder when (-1)/2 + (-2163)/(-14) is divided by z?
4
Suppose 85*q - 88*q + 1918 = 2*k, -5 = -k. What is the remainder when q is divided by 71?
68
Let b = 50 + -28. Let p = 29556 - 29501. What is the remainder when p is divided by b?
11
Let c = 279 - 221. Calculate the remainder when ((-398)/(-5))/(c/145) is divided by 20.
19
Suppose 4*p - 160 - 200 = -2*a, 2*a + 575 = 7*p. Let q = 306 + -196. Suppose 0 = 4*g - q - 62. What is the remainder when p is divided by g?
42
Let c = 3455 - 56. What is the remainder when c is divided by 14?
11
Let b(t) be the second derivative of -t**3/6 + t**2/2 + 2*t. Suppose -621*n + 1231*n = 711*n - 909. What is the remainder when n is divided by b(-6)?
2
What is the remainder when -10 + 16 - (-2)/(1/1413*2) is divided by 49?
47
Suppose 22 + 38 = 5*o. Suppose 3*d - d + 2*c - 12 = 0, 2*d - o = -3*c. Calculate the remainder when d is divided by 4.
2
Suppose 2*d + 0*r + 4*r - 198 = 0, -2*r - 346 = -4*d. Let v(p) = -p**3 + 42*p**2 - 379*p + 82. What is the remainder when v(14) is divided by d?
86
Let d(f) = -289*f**3 - 4*f**2 + 16*f + 19. What is the remainder when d(-1) is divided by 38?
22
Let d(a) = 4*a - 199*a**2 + 64*a**2 - 8 + 4*a**3 + 66*a**2 + 70*a**2. What is the remainder when d(2) is divided by 19?
17
Suppose -57*s + 26*s + 10*s + 41097 = 0. Calculate the remainder when s is divided by 976.
5
Suppose -5*z + 2204 = -3*b + 506, 0 = -5*z - 2*b + 1693. Suppose 12*q - z = -111. Calculate the remainder when q is divided by 4.
3
Suppose k - 4*r + 14 = 0, -5*k - 53 = -5*r + 2*r. What is the remainder when 284 is divided by ((-10)/(14/(-7)))/(k/(-12))?
2
Let b = -357 + 217. Let o = b + 140. Suppose -5*d - 5*c = -85, o = 3*d - d + c - 30. What is the remainder when 75 is divided by d?
10
Suppose -x + 146 = -35*o + 31*o, o + 539 = 4*x. Calculate the remainder when 171 is divided by x.
37
Suppose 4*g + 204 = 4*c - 0*c, 0 = c + g - 41. What is the remainder when (-1)/((-2)/(532 - -10)) is divided by c?
41
Let p(a) = 3*a**3 - 92*a**2 + 83*a - 72. Calculate the remainder when p(30) is divided by 135.
78
Suppose -2*f + 62*b - 60*b = -776, f + b = 390. Calculate the remainder when f is divided by 9*50/(-15)*-1.
29
Let u(t) = 10*t + 2*t**2 + 4*t + t**3 - 9 + 15*t**2. Let j be (-245)/14 + (-3)/(-2). What is the remainder when u(j) is divided by 13?
10
Suppose -9*g + n + 38 = -5*g, 3*n - 18 = 0. Calculate the remainder when 6179 is divided by g.
8
Let m(w) = 22 - 107*w - 16 + 8*w**2 + 104*w. What is the remainder when m(6) is divided by 70?
66
Suppose -158 - 297 = -5*s. What is the remainder when 1140 is divided by s?
48
Let s(l) = -4*l**2 + 32. Let d be s(5). Let a = d + 181. What is the remainder when a is divided by (-3 + -20)/(-1 + 0)?
21
Let s = 117 + -115. What is the remainder when 152 is divided by (1/(-3))/(s/(-162)) - -4?
28
Let x(s) = -s**3 + 8*s**2 + 36*s - 262. Calculate the remainder when 595 is divided by x(8).
23
Suppose -33*v + 23349 - 5100 = 0. What is the remainder when 2216 is divided by v?
4
Let b(a) = -16*a - 4. Let d be (3 - -20)*(-3 + (-15)/(-3)). Suppose 0 = -d*h + 51*h - 875. What is the remainder when h is divided by b(-3)?
43
Let a(s) = 6*s**2 - 41*s - 144. Suppose 0 = 2*h + 8, -h + 3 + 2 = f. Calculate the remainder when a(-4) is divided by f.
8
Let o(x) = 5*x**2 - 115*x - 70. Calculate the remainder when o(25) is divided by 26.
24
Let c = -1143 - -1161. Suppose s - 3 = 41. Calculate the remainder when s is divided by c.
8
Let g(n) = n**3 - 14*n**2 + 12*n + 33. Suppose -6*j + 15*j - 126 = 0. What is the remainder when g(j) is divided by 41?
37
Let k(t) = 24*t - 40. Let p(b) = 25*b - 41. Let w(r) = -7*k(r) + 6*p(r). What is the remainder when w(-9) is divided by 11?
9
Let g(k) = -k**3 - 4*k**2 - 9*k - 16. Let x be g(-3). Suppose 2*i = -x*r + 2, 0*r = 4*r - 3*i - 39. Calculate the remainder when 38 is divided by r.
2
Let c = -33 - -38. Suppose 7*g - c*g = 8. Suppose 0*t + 152 = g*t. What is the remainder when t is divided by 20?
18
Let y(w) = -w**2 + 16*w - 3. Let u(r) = r**2 + 147*r + 1204. Calculate the remainder when u(-8) is divided by y(15).
8
Calculate the remainder when (-45)/(-2) + 10/25*30/24 is divided by 8.
7
Let k = 218 - 219. Calculate the remainder when (-35)/(k/(-3)*-3) is divided by 13.
9
Let g(n) = 5*n**2 + 142*n - 56. Suppose 3*t - 60 = 2*r - 0*r, r = 3*t - 63. What is the remainder when g(-29) is divided by t?
9
Suppose -i + 3*i - 76 = 0. Let u(t) = 2*t**2 - 5*t - 12. Let k be u(-4). Suppose -230*q = -234*q + k. Calculate the remainder when i is divided by q.
8
Let s = 26 - -18. Suppose 117*u + 1984 = -123*u + 256*u. What is the remainder when u is divided by s?
36
Let h = -13731 - -13795. Calculate the remainder when 224 is divided by h.
32
Let m = 300 - 296. Suppose -m*d + 0*d + 631 = -5*t, -3*d + 472 = -5*t. What is the remainder when d is divided by 12*4*(-1)/(-3)?
15
Let u = 46 + -28. Let k(i) = i**2 + 200*i + 1209. What is the remainder when k(-6) is divided by u?
9
Let x(r) = r**3 + 10*r**2 + 6*r. Suppose 42 = 5*b + 2*n + 100, 0 = -2*b - n - 24. Let t be x(b). What is the remainder when 71 is divided by 3/(t/8)*-45?
17
What is the remainder when 36/20*454/(-10)*-25 is divided by 1016?
11
Let u(x) = 6*x - 10. Let i be u(2). Suppose -i*f = 100 - 136. Suppose -h = -f - 9. What is the remainder when 130 is divided by h?
22
Let u(x) = 20*x**2 + 328*x - 36. What is the remainder when u(-19) is divided by 19?
2
Let c(x) be the first derivative of 3*x**2 + 60*x + 57. Let f(a) = 5*a**3 + a**2 + 2*a - 1. What is the remainder when f(2) is divided by c(-8)?
11
Let z(a) = 17*a - 59 + 29 + 22. Calculate the remainder when z(5) is divided by 16.
13
What is the remainder when 94 is divided by ((1 + -5)/((-3)/9))/1?
10
Suppose -40*r + 138 = -622. What is the remainder when 3 + -4 - 1*-54 is divided by r?
15
Suppose 5*m = 3*t + 1217, 2*m = -0*m + 9*t +